{"id":42,"date":"2016-02-04T11:40:50","date_gmt":"2016-02-04T10:40:50","guid":{"rendered":"http:\/\/budomax-as.pl\/?page_id=42"},"modified":"2016-03-14T14:44:10","modified_gmt":"2016-03-14T13:44:10","slug":"uslugi-murarskie","status":"publish","type":"page","link":"https:\/\/budomax-as.pl\/index.php\/uslugi-murarskie\/","title":{"rendered":"Us\u0142ugi murarskie"},"content":{"rendered":"<p>Proponowane przez nas us\u0142ugi murarskie s\u0105 skierowane zar\u00f3wno do klient\u00f3w indywidualnych, jak i do firm oraz instytucji.<\/p>\n<p>Oferujemy kompleksowe us\u0142ugi budowano-murarskie takie jak:<\/p>\n<ul>\n<li>murowanie \u015bcian no\u015bnych i dzia\u0142owych, komin\u00f3w oraz element\u00f3w ogrodze\u0144<\/li>\n<li>wyk\u0142adanie glazury, terakoty i klinkieru<\/li>\n<li>maszynowe wylewanie posadzek<\/li>\n<li>wyburzenia \u015bcian z ceg\u0142y i \u017cel-betonowych<\/li>\n<li>obr\u00f3bka otwor\u00f3w drzwiowych i okiennych<\/li>\n<li>demonta\u017c i monta\u017c okien oraz drzwi<\/li>\n<\/ul>\n<p>&nbsp;<\/p>\n<p><img loading=\"lazy\" decoding=\"async\" class=\"aligncenter wp-image-99 size-full\" src=\"http:\/\/budomax-as.pl\/wp-content\/uploads\/2016\/02\/327293645_1_644x461_kurs-tynkarz-murarz-lodz.jpg\" alt=\"\" width=\"520\" height=\"345\" border=\"2\" srcset=\"https:\/\/budomax-as.pl\/wp-content\/uploads\/2016\/02\/327293645_1_644x461_kurs-tynkarz-murarz-lodz.jpg 520w, https:\/\/budomax-as.pl\/wp-content\/uploads\/2016\/02\/327293645_1_644x461_kurs-tynkarz-murarz-lodz-300x199.jpg 300w\" sizes=\"auto, (max-width: 520px) 100vw, 520px\" \/><\/p>\n","protected":false},"excerpt":{"rendered":"<p>Proponowane przez nas us\u0142ugi murarskie s\u0105 skierowane zar\u00f3wno do klient\u00f3w indywidualnych, jak i do firm oraz instytucji. Oferujemy kompleksowe us\u0142ugi budowano-murarskie takie jak: murowanie \u015bcian<\/p>\n","protected":false},"author":1,"featured_media":94,"parent":0,"menu_order":0,"comment_status":"closed","ping_status":"closed","template":"page-templates\/template-services.php","meta":{"footnotes":""},"class_list":["post-42","page","type-page","status-publish","has-post-thumbnail","hentry"],"_links":{"self":[{"href":"https:\/\/budomax-as.pl\/index.php\/wp-json\/wp\/v2\/pages\/42","targetHints":{"allow":["GET"]}}],"collection":[{"href":"https:\/\/budomax-as.pl\/index.php\/wp-json\/wp\/v2\/pages"}],"about":[{"href":"https:\/\/budomax-as.pl\/index.php\/wp-json\/wp\/v2\/types\/page"}],"author":[{"embeddable":true,"href":"https:\/\/budomax-as.pl\/index.php\/wp-json\/wp\/v2\/users\/1"}],"replies":[{"embeddable":true,"href":"https:\/\/budomax-as.pl\/index.php\/wp-json\/wp\/v2\/comments?post=42"}],"version-history":[{"count":0,"href":"https:\/\/budomax-as.pl\/index.php\/wp-json\/wp\/v2\/pages\/42\/revisions"}],"wp:featuredmedia":[{"embeddable":true,"href":"https:\/\/budomax-as.pl\/index.php\/wp-json\/wp\/v2\/media\/94"}],"wp:attachment":[{"href":"https:\/\/budomax-as.pl\/index.php\/wp-json\/wp\/v2\/media?parent=42"}],"curies":[{"name":"wp","href":"https:\/\/api.w.org\/{rel}","templated":true}]}}