{"id":8,"date":"2016-02-04T10:29:26","date_gmt":"2016-02-04T09:29:26","guid":{"rendered":"http:\/\/budomax-as.pl\/?page_id=8"},"modified":"2024-04-04T22:42:24","modified_gmt":"2024-04-04T20:42:24","slug":"o-nas","status":"publish","type":"page","link":"https:\/\/budomax-as.pl\/","title":{"rendered":"Brali\u015bmy udzia\u0142 w:"},"content":{"rendered":"<p style=\"text-align: center;\">\u00a0 Poza samodzielnie zrealizowanymi obiektami brali\u015bmy udzia\u0142 jako podwykonawcy takich firm jak<br \/>\n<strong><em>NOWBUD ING , RESBUD RZESZ\u00d3W , MINER P.B.G.<\/em><\/strong> przy realizacji wielu du\u017cych inwestycji na terenie Warszawy i okolic na przyk\u0142ad ;<br \/>\n&#8211; biurowiec <em><strong>APEKSIM<\/strong> <\/em>Warszawa ul. K\u0142obudzka<br \/>\n&#8211; siedziba <em><strong>EDIPRESSE<\/strong> <\/em>warszawa ul. Wiejska<br \/>\n&#8211; Hotel \u201e<em><strong>BOSS<\/strong><\/em>\u201d Mi\u0119dzylesie<br \/>\n&#8211; osiedle <em><strong>TARCHOMIN<\/strong><\/em><br \/>\n&#8211; <em><strong>EUROPAPIER<\/strong> <\/em>Nadarzyn<\/p>\n","protected":false},"excerpt":{"rendered":"<p>\u00a0 Poza samodzielnie zrealizowanymi obiektami brali\u015bmy udzia\u0142 jako podwykonawcy takich firm jak NOWBUD ING , RESBUD RZESZ\u00d3W , MINER P.B.G. przy realizacji wielu du\u017cych inwestycji<\/p>\n","protected":false},"author":1,"featured_media":0,"parent":0,"menu_order":0,"comment_status":"closed","ping_status":"open","template":"","meta":{"footnotes":""},"class_list":["post-8","page","type-page","status-publish","hentry"],"_links":{"self":[{"href":"https:\/\/budomax-as.pl\/index.php\/wp-json\/wp\/v2\/pages\/8","targetHints":{"allow":["GET"]}}],"collection":[{"href":"https:\/\/budomax-as.pl\/index.php\/wp-json\/wp\/v2\/pages"}],"about":[{"href":"https:\/\/budomax-as.pl\/index.php\/wp-json\/wp\/v2\/types\/page"}],"author":[{"embeddable":true,"href":"https:\/\/budomax-as.pl\/index.php\/wp-json\/wp\/v2\/users\/1"}],"replies":[{"embeddable":true,"href":"https:\/\/budomax-as.pl\/index.php\/wp-json\/wp\/v2\/comments?post=8"}],"version-history":[{"count":0,"href":"https:\/\/budomax-as.pl\/index.php\/wp-json\/wp\/v2\/pages\/8\/revisions"}],"wp:attachment":[{"href":"https:\/\/budomax-as.pl\/index.php\/wp-json\/wp\/v2\/media?parent=8"}],"curies":[{"name":"wp","href":"https:\/\/api.w.org\/{rel}","templated":true}]}}